{"id":3295,"date":"2024-09-25T15:59:18","date_gmt":"2024-09-25T13:59:18","guid":{"rendered":"https:\/\/www.junge-russlanddeutsche.de\/?page_id=3295"},"modified":"2024-09-30T15:43:04","modified_gmt":"2024-09-30T13:43:04","slug":"verinnerlichung","status":"publish","type":"page","link":"https:\/\/www.junge-russlanddeutsche.de\/denk-orte\/verinnerlichung\/","title":{"rendered":"Verinnerlichung der Erinnerung"},"content":{"rendered":"\t\t<div data-elementor-type=\"wp-page\" data-elementor-id=\"3295\" class=\"elementor elementor-3295\">\n\t\t\t\t<div class=\"elementor-element elementor-element-59b3fa4 e-flex e-con-boxed e-con e-parent\" data-id=\"59b3fa4\" data-element_type=\"container\" data-settings=\"{&quot;background_background&quot;:&quot;classic&quot;}\">\n\t\t\t\t\t<div class=\"e-con-inner\">\n\t\t\t\t<div class=\"elementor-element elementor-element-7ce82ef video_post_col podcast_post_col elementor-widget elementor-widget-shortcode\" data-id=\"7ce82ef\" data-element_type=\"widget\" data-widget_type=\"shortcode.default\">\n\t\t\t\t<div class=\"elementor-widget-container\">\n\t\t\t\t\t<div class=\"elementor-shortcode\">\t\t<div class=\"bdp-list-main bdp-design-1 bdp-clearfix\">\r\n\t\t\t<div class=\"bdp-post-list bdp-clearfix\">\r\n\t<div class=\"bdp-post-list-content\">\r\n\t\t\t\t<div class=\"bdp-medium-6 bdp-columns\">\r\n\t\t\t<div class=\"bdp-post-image-bg\">\r\n\t\t\t\t<a href=\"https:\/\/www.junge-russlanddeutsche.de\/denk-orte\/denkmal\/\">\r\n\t\t\t\t\t<img decoding=\"async\" src=\"https:\/\/www.junge-russlanddeutsche.de\/denk-orte\/wp-content\/uploads\/sites\/6\/2024\/09\/Lisa_Harms_Karte_V1_Sterne_150dpi-1024x724.png\" alt=\"Denkmal-frei\" \/>\r\n\t\t\t\t<\/a>\r\n\t\t\t<\/div>\r\n\t\t<\/div>\r\n\t\t\t\t<div class=\"bdp-medium-6 bdp-columns\">\r\n\t\t\t\t\t\t<div class=\"bdp-post-categories\">\r\n\t\t\t\t<a href=\"https:\/\/www.junge-russlanddeutsche.de\/denk-orte\/category\/verinnerlichung-der-erinnerung\/\">Verinnerlichung der Erinnerung<\/a>\t\t\t<\/div>\r\n\t\t\t\r\n\t\t\t<h2 class=\"bdp-post-title\">\r\n\t\t\t\t<a href=\"https:\/\/www.junge-russlanddeutsche.de\/denk-orte\/denkmal\/\">Denkmal-frei<\/a>\r\n\t\t\t<\/h2>\r\n\t\t\t\t\r\n\t\t\t\t\t\t<div class=\"bdp-post-meta-innr bdp-post-meta\">\r\n\t\t\t\t\t\t\t\t<span class=\"bdp-post-meta-innr bdp-user-img\">admin-ju<\/span>\r\n\t\t\t\t<span class=\"bdpp-post-meta-sep\">\/<\/span>\t\t\t\t<span class=\"bdp-post-meta-innr bdp-time\">26. September 2024<\/span>\r\n\t\t\t\t\t\t\t<\/div>\r\n\t\t\t\t\t\t<div class=\"bdp-post-content\">\r\n\t\t\t\t<div class=\"bdp-post-short-content\">Denkm\u00e4ler, die an die Repression und Deportation der Russlanddeutschen erinnern sollen, sind f\u00fcr die nachfolgenden Generationen nur schwer erreichbar.<\/div>\r\n\t\t\t\t\t\t\t<\/div>\r\n\t\t\t\t\t<\/div>\r\n\t<\/div>\r\n<\/div><div class=\"bdp-post-list bdp-clearfix\">\r\n\t<div class=\"bdp-post-list-content\">\r\n\t\t\t\t<div class=\"bdp-medium-6 bdp-columns\">\r\n\t\t\t<div class=\"bdp-post-image-bg\">\r\n\t\t\t\t<a href=\"https:\/\/www.junge-russlanddeutsche.de\/denk-orte\/warlife\/\">\r\n\t\t\t\t\t<img decoding=\"async\" src=\"https:\/\/www.junge-russlanddeutsche.de\/denk-orte\/wp-content\/uploads\/sites\/6\/2024\/09\/Ro-5.png\" alt=\"Bloodland Memorial\" \/>\r\n\t\t\t\t<\/a>\r\n\t\t\t<\/div>\r\n\t\t<\/div>\r\n\t\t\t\t<div class=\"bdp-medium-6 bdp-columns\">\r\n\t\t\t\t\t\t<div class=\"bdp-post-categories\">\r\n\t\t\t\t<a href=\"https:\/\/www.junge-russlanddeutsche.de\/denk-orte\/category\/verinnerlichung-der-erinnerung\/\">Verinnerlichung der Erinnerung<\/a>\t\t\t<\/div>\r\n\t\t\t\r\n\t\t\t<h2 class=\"bdp-post-title\">\r\n\t\t\t\t<a href=\"https:\/\/www.junge-russlanddeutsche.de\/denk-orte\/warlife\/\">Bloodland Memorial<\/a>\r\n\t\t\t<\/h2>\r\n\t\t\t\t\r\n\t\t\t\t\t\t<div class=\"bdp-post-meta-innr bdp-post-meta\">\r\n\t\t\t\t\t\t\t\t<span class=\"bdp-post-meta-innr bdp-user-img\">admin-ju<\/span>\r\n\t\t\t\t<span class=\"bdpp-post-meta-sep\">\/<\/span>\t\t\t\t<span class=\"bdp-post-meta-innr bdp-time\">25. September 2024<\/span>\r\n\t\t\t\t\t\t\t<\/div>\r\n\t\t\t\t\t\t<div class=\"bdp-post-content\">\r\n\t\t\t\t<div class=\"bdp-post-short-content\">Welchen der Steine du hebst \u2013 du entbl\u00f6\u00dft, die des Schutzes der Steine bed\u00fcrfen: nackt, erneuern sie nun die Verflechtung....<\/div>\r\n\t\t\t\t\t\t\t<\/div>\r\n\t\t\t\t\t<\/div>\r\n\t<\/div>\r\n<\/div><div class=\"bdp-post-list bdp-clearfix\">\r\n\t<div class=\"bdp-post-list-content\">\r\n\t\t\t\t<div class=\"bdp-medium-6 bdp-columns\">\r\n\t\t\t<div class=\"bdp-post-image-bg\">\r\n\t\t\t\t<a href=\"https:\/\/www.junge-russlanddeutsche.de\/denk-orte\/meine-erinnerungen\/\">\r\n\t\t\t\t\t<img decoding=\"async\" src=\"https:\/\/www.junge-russlanddeutsche.de\/denk-orte\/wp-content\/uploads\/sites\/6\/2024\/09\/bannerbild-2-1024x585.jpg\" alt=\"Meine Erinnerungen. Ein Tagebuch\" \/>\r\n\t\t\t\t<\/a>\r\n\t\t\t<\/div>\r\n\t\t<\/div>\r\n\t\t\t\t<div class=\"bdp-medium-6 bdp-columns\">\r\n\t\t\t\t\t\t<div class=\"bdp-post-categories\">\r\n\t\t\t\t<a href=\"https:\/\/www.junge-russlanddeutsche.de\/denk-orte\/category\/verinnerlichung-der-erinnerung\/\">Verinnerlichung der Erinnerung<\/a>\t\t\t<\/div>\r\n\t\t\t\r\n\t\t\t<h2 class=\"bdp-post-title\">\r\n\t\t\t\t<a href=\"https:\/\/www.junge-russlanddeutsche.de\/denk-orte\/meine-erinnerungen\/\">Meine Erinnerungen. Ein Tagebuch<\/a>\r\n\t\t\t<\/h2>\r\n\t\t\t\t\r\n\t\t\t\t\t\t<div class=\"bdp-post-meta-innr bdp-post-meta\">\r\n\t\t\t\t\t\t\t\t<span class=\"bdp-post-meta-innr bdp-user-img\">admin-ju<\/span>\r\n\t\t\t\t<span class=\"bdpp-post-meta-sep\">\/<\/span>\t\t\t\t<span class=\"bdp-post-meta-innr bdp-time\">25. September 2024<\/span>\r\n\t\t\t\t\t\t\t<\/div>\r\n\t\t\t\t\t\t<div class=\"bdp-post-content\">\r\n\t\t\t\t<div class=\"bdp-post-short-content\">Ein Tagebuch bewahrt eine Geschichte von Leid, die mit steigendem Wasserspiegel in Vergessenheit ger\u00e4t.<\/div>\r\n\t\t\t\t\t\t\t<\/div>\r\n\t\t\t\t\t<\/div>\r\n\t<\/div>\r\n<\/div><div class=\"bdp-post-list bdp-clearfix\">\r\n\t<div class=\"bdp-post-list-content\">\r\n\t\t\t\t<div class=\"bdp-medium-6 bdp-columns\">\r\n\t\t\t<div class=\"bdp-post-image-bg\">\r\n\t\t\t\t<a href=\"https:\/\/www.junge-russlanddeutsche.de\/denk-orte\/culture-of-memory-culture-of-denial\/\">\r\n\t\t\t\t\t<img decoding=\"async\" src=\"https:\/\/www.junge-russlanddeutsche.de\/denk-orte\/wp-content\/uploads\/sites\/6\/2024\/09\/Ekatartina_Titel-1024x585.jpg\" alt=\"Culture of Memory \/ Culture of Denial\" \/>\r\n\t\t\t\t<\/a>\r\n\t\t\t<\/div>\r\n\t\t<\/div>\r\n\t\t\t\t<div class=\"bdp-medium-6 bdp-columns\">\r\n\t\t\t\t\t\t<div class=\"bdp-post-categories\">\r\n\t\t\t\t<a href=\"https:\/\/www.junge-russlanddeutsche.de\/denk-orte\/category\/verinnerlichung-der-erinnerung\/\">Verinnerlichung der Erinnerung<\/a>\t\t\t<\/div>\r\n\t\t\t\r\n\t\t\t<h2 class=\"bdp-post-title\">\r\n\t\t\t\t<a href=\"https:\/\/www.junge-russlanddeutsche.de\/denk-orte\/culture-of-memory-culture-of-denial\/\">Culture of Memory \/ Culture of Denial<\/a>\r\n\t\t\t<\/h2>\r\n\t\t\t\t\r\n\t\t\t\t\t\t<div class=\"bdp-post-meta-innr bdp-post-meta\">\r\n\t\t\t\t\t\t\t\t<span class=\"bdp-post-meta-innr bdp-user-img\">admin-ju<\/span>\r\n\t\t\t\t<span class=\"bdpp-post-meta-sep\">\/<\/span>\t\t\t\t<span class=\"bdp-post-meta-innr bdp-time\">25. September 2024<\/span>\r\n\t\t\t\t\t\t\t<\/div>\r\n\t\t\t\t\t\t<div class=\"bdp-post-content\">\r\n\t\t\t\t<div class=\"bdp-post-short-content\">Dass man Heimat unterschiedlich definieren kann, habe ich als Kind im Gespr\u00e4ch mit meinem Gro\u00dfvater erfahren. Als wir bei ihm...<\/div>\r\n\t\t\t\t\t\t\t<\/div>\r\n\t\t\t\t\t<\/div>\r\n\t<\/div>\r\n<\/div><div class=\"bdp-post-list bdp-clearfix\">\r\n\t<div class=\"bdp-post-list-content\">\r\n\t\t\t\t<div class=\"bdp-medium-6 bdp-columns\">\r\n\t\t\t<div class=\"bdp-post-image-bg\">\r\n\t\t\t\t<a href=\"https:\/\/www.junge-russlanddeutsche.de\/denk-orte\/hoffnung-im-gepaeck-die-familienbibel-meiner-grossmutter\/\">\r\n\t\t\t\t\t<img decoding=\"async\" src=\"https:\/\/www.junge-russlanddeutsche.de\/denk-orte\/wp-content\/uploads\/sites\/6\/2024\/09\/Baal_111-978x1024.jpg\" alt=\"Hoffnung im Gep\u00e4ck &#8211; Die Familienbibel meiner Gro\u00dfmutter\" \/>\r\n\t\t\t\t<\/a>\r\n\t\t\t<\/div>\r\n\t\t<\/div>\r\n\t\t\t\t<div class=\"bdp-medium-6 bdp-columns\">\r\n\t\t\t\t\t\t<div class=\"bdp-post-categories\">\r\n\t\t\t\t<a href=\"https:\/\/www.junge-russlanddeutsche.de\/denk-orte\/category\/verinnerlichung-der-erinnerung\/\">Verinnerlichung der Erinnerung<\/a>\t\t\t<\/div>\r\n\t\t\t\r\n\t\t\t<h2 class=\"bdp-post-title\">\r\n\t\t\t\t<a href=\"https:\/\/www.junge-russlanddeutsche.de\/denk-orte\/hoffnung-im-gepaeck-die-familienbibel-meiner-grossmutter\/\">Hoffnung im Gep\u00e4ck &#8211; Die Familienbibel meiner Gro\u00dfmutter<\/a>\r\n\t\t\t<\/h2>\r\n\t\t\t\t\r\n\t\t\t\t\t\t<div class=\"bdp-post-meta-innr bdp-post-meta\">\r\n\t\t\t\t\t\t\t\t<span class=\"bdp-post-meta-innr bdp-user-img\">admin-ju<\/span>\r\n\t\t\t\t<span class=\"bdpp-post-meta-sep\">\/<\/span>\t\t\t\t<span class=\"bdp-post-meta-innr bdp-time\">25. September 2024<\/span>\r\n\t\t\t\t\t\t\t<\/div>\r\n\t\t\t\t\t\t<div class=\"bdp-post-content\">\r\n\t\t\t\t<div class=\"bdp-post-short-content\">Ich musste mich fr\u00fcher auf Zehenspitzen stellen, um sie zu sehen. Offen zug\u00e4nglich lag sie da, immer am gleichen Platz....<\/div>\r\n\t\t\t\t\t\t\t<\/div>\r\n\t\t\t\t\t<\/div>\r\n\t<\/div>\r\n<\/div>\t\t<\/div>\t\t\r\n\t\t<\/div>\n\t\t\t\t<\/div>\n\t\t\t\t<\/div>\n\t\t\t\t\t<\/div>\n\t\t\t\t<\/div>\n\t\t\t\t<\/div>\n\t\t","protected":false},"excerpt":{"rendered":"","protected":false},"author":1,"featured_media":0,"parent":0,"menu_order":0,"comment_status":"closed","ping_status":"closed","template":"elementor_header_footer","meta":{"footnotes":""},"class_list":["post-3295","page","type-page","status-publish","hentry","entry"],"_links":{"self":[{"href":"https:\/\/www.junge-russlanddeutsche.de\/denk-orte\/wp-json\/wp\/v2\/pages\/3295"}],"collection":[{"href":"https:\/\/www.junge-russlanddeutsche.de\/denk-orte\/wp-json\/wp\/v2\/pages"}],"about":[{"href":"https:\/\/www.junge-russlanddeutsche.de\/denk-orte\/wp-json\/wp\/v2\/types\/page"}],"author":[{"embeddable":true,"href":"https:\/\/www.junge-russlanddeutsche.de\/denk-orte\/wp-json\/wp\/v2\/users\/1"}],"replies":[{"embeddable":true,"href":"https:\/\/www.junge-russlanddeutsche.de\/denk-orte\/wp-json\/wp\/v2\/comments?post=3295"}],"version-history":[{"count":3,"href":"https:\/\/www.junge-russlanddeutsche.de\/denk-orte\/wp-json\/wp\/v2\/pages\/3295\/revisions"}],"predecessor-version":[{"id":3963,"href":"https:\/\/www.junge-russlanddeutsche.de\/denk-orte\/wp-json\/wp\/v2\/pages\/3295\/revisions\/3963"}],"wp:attachment":[{"href":"https:\/\/www.junge-russlanddeutsche.de\/denk-orte\/wp-json\/wp\/v2\/media?parent=3295"}],"curies":[{"name":"wp","href":"https:\/\/api.w.org\/{rel}","templated":true}]}}